when m is divided by 62.
58
Let h(b) = 3*b + 10. Suppose 18 = 9*t - 9. Calculate the remainder when h(0) is divided by t.
1
Suppose -3*k + 4*c = -289, -k - 3*c + 93 = -c. Suppose -4*p + 57 = z, 5 = 5*p - 3*z - 62. What is the remainder when k is divided by p?
11
Suppose 2*r + 6*p - 79 = p, -3*r = -p - 110. What is the remainder when 291 is divided by r?
32
Let u = 32 + -29. Let q(a) be the second derivative of a**5/20 - a**4/4 + a**3/3 - a**2/2 - 3*a. Calculate the remainder when 19 is divided by q(u).
4
Let w(l) = 4*l**3 - 11*l**2 - 2*l + 3. What is the remainder when 599 is divided by w(4)?
74
Let p = 140 + -119. What is the remainder when 272 is divided by p?
20
Let a(f) = 3*f - 20. Let v(q) = -q + 5. Calculate the remainder when a(8) is divided by v(4).
0
Let v = 1 + 4. Suppose 0 = -5*w - 12 - 3. What is the remainder when 11 - (1 - (1 + w)) is divided by v?
3
Suppose -g = -2*g + 17. Let m be (4 + 3)/1 + 3. Calculate the remainder when 335/m*(2 + 0) is divided by g.
16
Let y = 114 + 165. Suppose 3*x + 4*w - y = 0, 0*x + x - 93 = -5*w. What is the remainder when x is divided by 24?
21
Let y(i) be the second derivative of -i**3/6 + 4*i**2 + 3*i. Let j be ((-36)/16)/(3/8). What is the remainder when 54 is divided by y(j)?
12
Let u(r) = r**3 + 14*r**2 + 26*r + 17. Let m be u(-12). Calculate the remainder when 50 is divided by (2 - 12)*(5 + m).
10
Let f = -64 + 66. Suppose 2*d = 5*q - 0*d, 2*q + 4*d = 0. Suppose -c + f = -q*c. What is the remainder when c is divided by 2?
0
Suppose 10*h - 13*h = 2*p - 35, -4*p + 25 = 3*h. Calculate the remainder when 328 is divided by h.
13
Let f be (0 - -77) + 18/(-9). Suppose -5*t = -45 - f. Calculate the remainder when 95 is divided by t.
23
Suppose 2*h + 4 - 4 = 0. Suppose -26*j + 32*j - 474 = h. Calculate the remainder when j is divided by 20.
19
Let l(n) = -9*n + 1. Suppose 0 = -o - o - 2. What is the remainder when 17 + (-1)/(3/(-6)) is divided by l(o)?
9
Suppose 0 = 2*s + 19 - 49. Let b be -1*(4 - 0 - -8). Let i = b + 16. What is the remainder when s is divided by i?
3
Suppose -4 = r - 6. Let b = r - -11. Suppose 2*l + 24 = 2*v, 0 = 4*l + 5 - b. Calculate the remainder when 67 is divided by v.
11
Let u = -873 - -908. What is the remainder when 133 is divided by u?
28
Let u = 1 - 3. Let v(r) = -2*r + 6. Let l(y) = -y**2 + y. Let x(z) = u*l(z) + v(z). Calculate the remainder when 58 is divided by x(3).
10
Suppose 254 = 4*c + 46. Suppose -m + c = m. Let f = 194 - 93. Calculate the remainder when f is divided by m.
23
What is the remainder when 236 is divided by (0 + (-3)/(-6))/((-19)/(-646))?
15
Suppose 5*m = 3*s + 380, -3*s + 0*m = 5*m + 430. Let c = s + -49. What is the remainder when 87 is divided by (c/16)/((-3)/6)?
18
Suppose 2*n - 18 = -2*t + 28, -t + 61 = 3*n. Calculate the remainder when (195/(-12))/((-3)/24) is divided by n.
16
Suppose -2*c + 84 = 4*z, 0*z + 3*c - 21 = -z. Let p be ((-40)/(-14))/(10/35). Suppose -2*f = -p - 2. What is the remainder when z is divided by f?
3
Suppose -3*f = -8*f - 15. What is the remainder when 3/((-2)/24*-4) is divided by -1*f/(-6)*-4?
1
Let m(b) = -5*b + 65 - 3*b + b + 5*b. What is the remainder when m(0) is divided by 17?
14
Let d(b) = -b**3 - 10*b**2 - 12*b - 10. Calculate the remainder when d(-9) is divided by 20/(-8)*(5 + -4 + -3).
2
Suppose -l = -4*i - 19, -i = -4*i + 4*l - 11. Let v(b) = -b**2 - 3*b + 13. Calculate the remainder when 9 is divided by v(i).
0
Suppose 0*j = 4*j + 4, 5*f = 4*j + 14. Let z(p) = f*p + 12 + 27 - p. Calculate the remainder when z(0) is divided by 10.
9
Let u = 1080 + -947. Calculate the remainder when u is divided by 24.
13
Let v = 2660 + -2642. Suppose 1 = -y + 2*r, y - 5*r + 16 = 3*y. Suppose -3*x - y*s + 124 = -41, 47 = x - s. What is the remainder when x is divided by v?
15
Suppose -3*y + 4*y + 73 = 4*f, -5*f + 5*y + 110 = 0. Let o = 143 + -61. What is the remainder when o is divided by f?
14
Let k = 0 + -6. Let j = -4 - k. Suppose -2 = -2*c + 2*i, -4*c - c - i + 11 = 0. What is the remainder when j is divided by c?
0
Let t be (-306)/5 - (-6)/30. Let z = t - -80. What is the remainder when 93 is divided by z?
17
Suppose -2*m - 4*k + 217 = 65, -3*k + 15 = 0. Calculate the remainder when 189 is divided by m.
57
Suppose -2*k + 16 = 4*v, v - 4 = -4*k - 0*k. Suppose 4*c = v*b + 52, 0 = 3*c - 5*b - 14 - 27. Calculate the remainder when 20 is divided by c.
8
Let y = 724 + -707. Calculate the remainder when 63 is divided by y.
12
Let q(l) = l**3 + l**2 - 2*l. Suppose -n + 3 = -2. Suppose 3 - 46 = -2*k + n*r, 0 = -5*k + 5*r + 130. Calculate the remainder when k is divided by q(2).
5
Suppose 841 = 9*z + 193. What is the remainder when z is divided by 20?
12
Calculate the remainder when 2004/18 - (-4)/6 is divided by 15.
7
Let g(a) = -10*a - 11*a**2 - 2*a**3 - 2*a**3 + 3*a**3 + 4. Let l be g(-10). Suppose l*d - 9 = 3*d. What is the remainder when 34 is divided by d?
7
Let j(l) = -l**3 + 8*l**2 - l - 51. Suppose -2*p + 3 = 5*d, 0 = -5*d + 2*d + 5*p + 8. Calculate the remainder when (-4)/2 - -44 - d is divided by j(6).
11
Let t be -3*((-4)/6)/1. Suppose -4 = -2*h, -5*m - 4*h = 22 + 15. Calculate the remainder when 4 is divided by ((-18)/m)/(t - 1).
0
Let a = 57 - -94. Calculate the remainder when a is divided by (-4 - 0)/((-6)/57).
37
Suppose 6*g - 4*g = 0. Suppose g*q = q - 38. Suppose -3*c + q = -c. What is the remainder when 55 is divided by c?
17
Let r(s) = -s**2 + s. Let w(q) = 2*q**2 - 6*q. Let i(k) = -3*r(k) - w(k). What is the remainder when i(-5) is divided by (-18)/8*(-112)/42?
4
Let h(w) = 7*w**2 - 45*w - 98. Let k(n) = 7*n**3 + 1. Let r be k(2). Suppose 2*c - 3*c = -r. What is the remainder when c is divided by h(-2)?
17
Calculate the remainder when 29 is divided by 11*((-1)/3)/((-4)/12).
7
Let h be (3/(-2))/((-30)/80). Suppose -92 = -3*m - h*v, -2*v - 1 = m - 7*v. Let f(l) = 10*l - 3. Calculate the remainder when f(5) is divided by m.
23
Let n(d) = d**3 - 8*d**2 + d - 8. Suppose 4*o - 2 - 30 = 0. Let m be n(o). Suppose -5*j + 4*j + 71 = m. Calculate the remainder when j is divided by 12.
11
Let u(c) = 3*c**3 + 41*c**2 + 25*c - 1. Calculate the remainder when 38 is divided by u(-13).
2
Let k be -4 - 1*(9/(-1) + 0). Suppose -3*l - 131 = -r - 408, 307 = 3*l + k*r. What is the remainder when l is divided by 19?
18
Suppose 0 = -17*l + 18*l - 13. Suppose 202 = 9*r + l. Calculate the remainder when 123 is divided by r.
18
Let h(t) = t**2 - 4*t + 24. What is the remainder when 68 is divided by h(0)?
20
Let n be (8/32 - 14/(-8)) + -54. Calculate the remainder when 98 is divided by (n/(-39))/(1/15).
18
Suppose -17*u + 314 = -145. Calculate the remainder when 91 is divided by u.
10
Suppose -7*r = r - 496. Suppose -5*u = -t - 111, -2*u + 7*t = 6*t - 45. Calculate the remainder when r is divided by u.
18
Let g(b) = -b**3 + 4*b**2 + 14*b + 2. Let m = -13 + 22. Let v = -1 + m. Calculate the remainder when g(6) is divided by v.
6
Suppose 5*h + 0*h - 40 = 5*u, -h - 10 = 5*u. Suppose h*v = 4*v + 77. What is the remainder when v is divided by 26?
25
Suppose 18*j - 3*t + 33 = 19*j, 2*t - 217 = -5*j. Suppose 0 = -2*o - 2*o + 96. What is the remainder when j is divided by o?
21
Suppose 4*m = v + 66, 0 = -2*m + v + 3 + 29. Let x be 2/4 + 39/6. Let q = x + 25. What is the remainder when q is divided by m?
15
Suppose -22*u + 77 + 451 = 0. Let d = 207 + -136. What is the remainder when d is divided by u?
23
Suppose -19*v = -30*v + 13904. Calculate the remainder when v is divided by 181.
178
Suppose -5*y - 5*w + 660 = 0, 5*w + 426 = 4*y - 111. Calculate the remainder when y is divided by 34.
31
Calculate the remainder when 327 is divided by (-11 + (-3)/(-3))/((-14)/21).
12
Let w = -9 - -15. Suppose t = w*t - 45. What is the remainder when 23 is divided by t?
5
Calculate the remainder when 45 is divided by (-2)/((-8)/(-36))*(-25)/5.
0
Let l be (-25)/20 + (-6)/8. What is the remainder when 139 is divided by l/(-9) + 2418/54 + 2?
45
Suppose -274*o + 37184 = 85*o - 1229. Let j = 31 + -3. Calculate the remainder when o is divided by j.
23
Suppose 5*j - 2*h = 50, 4*j = h + 24 + 19. Let u be j + (-1 + 1 - 1). Suppose k + u = 19. What is the remainder when 13 is divided by k?
5
Let o = 175 + -106. What is the remainder when 130 is divided by o?
61
Suppose -2